?
3
What is the hundreds digit of 765?
7
What is the units digit of 32?
2
What is the units digit of 1758?
8
What is the tens digit of 196?
9
What is the tens digit of 7591?
9
What is the tens digit of 12607?
0
What is the thousands digit of 2672?
2
What is the thousands digit of 2921?
2
What is the tens digit of 5887?
8
What is the hundreds digit of 988?
9
What is the units digit of 1395?
5
What is the hundreds digit of 455?
4
What is the hundreds digit of 430?
4
What is the tens digit of 942?
4
What is the hundreds digit of 338?
3
What is the tens digit of 5537?
3
What is the hundreds digit of 3162?
1
What is the tens digit of 54109?
0
What is the units digit of 15248?
8
What is the units digit of 2595?
5
What is the thousands digit of 15829?
5
What is the units digit of 1612?
2
What is the units digit of 54?
4
What is the units digit of 7128?
8
What is the tens digit of 31087?
8
What is the hundreds digit of 1275?
2
What is the ten thousands digit of 10976?
1
What is the hundreds digit of 42346?
3
What is the tens digit of 962?
6
What is the hundreds digit of 2394?
3
What is the tens digit of 2321?
2
What is the thousands digit of 40377?
0
What is the tens digit of 10266?
6
What is the hundreds digit of 4673?
6
What is the tens digit of 82108?
0
What is the hundreds digit of 1076?
0
What is the hundreds digit of 5968?
9
What is the hundreds digit of 71849?
8
What is the tens digit of 3640?
4
What is the ten thousands digit of 91434?
9
What is the tens digit of 36715?
1
What is the hundreds digit of 13115?
1
What is the tens digit of 2223?
2
What is the hundreds digit of 178209?
2
What is the tens digit of 2237?
3
What is the tens digit of 515?
1
What is the tens digit of 3498?
9
What is the hundreds digit of 4570?
5
What is the tens digit of 7596?
9
What is the tens digit of 3093?
9
What is the hundreds digit of 433?
4
What is the tens digit of 1150?
5
What is the thousands digit of 1920?
1
What is the units digit of 10499?
9
What is the hundreds digit of 46502?
5
What is the tens digit of 5807?
0
What is the units digit of 2342?
2
What is the tens digit of 3635?
3
What is the hundreds digit of 736?
7
What is the units digit of 3306?
6
What is the ten thousands digit of 23976?
2
What is the units digit of 6718?
8
What is the hundreds digit of 542?
5
What is the tens digit of 927?
2
What is the hundreds digit of 112?
1
What is the units digit of 1217?
7
What is the hundreds digit of 1225?
2
What is the hundreds digit of 35426?
4
What is the thousands digit of 13891?
3
What is the thousands digit of 2669?
2
What is the hundreds digit of 779?
7
What is the units digit of 1429?
9
What is the hundreds digit of 13113?
1
What is the tens digit of 73479?
7
What is the tens digit of 31353?
5
What is the tens digit of 59?
5
What is the ten thousands digit of 62441?
6
What is the units digit of 66893?
3
What is the tens digit of 36?
3
What is the tens digit of 122?
2
What is the hundreds digit of 87475?
4
What is the thousands digit of 9883?
9
What is the thousands digit of 3250?
3
What is the ten thousands digit of 54706?
5
What is the hundreds digit of 7931?
9
What is the hundred thousands digit of 110298?
1
What is the thousands digit of 4953?
4
What is the hundreds digit of 18197?
1
What is the ten thousands digit of 16062?
1
What is the hundreds digit of 1852?
8
What is the tens digit of 338?
3
What is the hundreds digit of 2147?
1
What is the units digit of 25533?
3
What is the hundreds digit of 6383?
3
What is the tens digit of 6275?
7
What is the hundreds digit of 706?
7
What is the thousands digit of 4532?
4
What is the tens digit of 20867?
6
What is the ten thousands digit of 64834?
6
What is the thousands digit of 2275?
2
What is the units digit of 835?
5
What is the units digit of 2035?
5
What is the units digit of 73863?
3
What is the units digit of 13358?
8
What is the hundreds digit of 47730?
7
What is the tens digit of 89006?
0
What is the thousands digit of 1759?
1
What is the tens digit of 25599?
9
What is the hundreds digit of 36360?
3
What is the units digit of 65928?
8
What is the units digit of 1627?
7
What is the thousands digit of 91561?
1
What is the units digit of 2717?
7
What is the tens digit of 6886?
8
What is the tens digit of 1257?
5
What is the hundreds digit of 3348?
3
What is the thousands digit of 23036?
3
What is the units digit of 6940?
0
What is the tens digit of 1552?
5
What is the hundreds digit of 17563?
5
What is the tens digit of 1646?
4
What is the units digit of 37599?
9
What is the tens digit of 74?
7
What is the tens digit of 987?
8
What is the tens digit of 880?
8
What is the tens digit of 376?
7
What is the hundreds digit of 48680?
6
What is the tens digit of 317?
1
What is the ten thousands digit of 39702?
3
What is the tens digit of 8055?
5
What is the units digit of 155?
5
What is the thousands digit of 2576?
2
What is the thousands digit of 3537?
3
What is the units digit of 35606?
6
What is the units digit of 4498?
8
What is the ten thousands digit of 28786?
2
What is the tens digit of 6144?
4
What is the tens digit of 1556?
5
What is the units digit of 1052?
2
What is the units digit of 20628?
8
What is the hundreds digit of 40020?
0
What is the units digit of 414?
4
What is the tens digit of 17134?
3
What is the tens digit of 95327?
2
What is the ten thousands digit of 67925?
6
What is the tens digit of 4157?
5
What is the hundreds digit of 11062?
0
What is the thousands digit of 1194?
1
What is the tens digit of 26713?
1
What is the tens digit of 16?
1
What is the hundreds digit of 5865?
8
What is the thousands digit of 51161?
1
What is the thousands digit of 1456?
1
What is the units digit of 5431?
1
What is the thousands digit of 31076?
1
What is the tens digit of 9758?
5
What is the hundreds digit of 866?
8
What is the thousands digit of 68731?
8
What is the hundreds digit of 317?
3
What is the hundreds digit of 3258?
2
What is the thousands digit of 3999?
3
What is the ten thousands digit of 15211?
1
What is the tens digit of 749?
4
What is the tens digit of 34933?
3
What is the tens digit of 21175?
7
What is the hundreds digit of 1354?
3
What is the tens digit of 11936?
3
What is the thousands digit of 1800?
1
What is the tens digit of 551?
5
What is the tens digit of 661?
6
What is the units digit of 1278?
8
What is the thousands digit of 20279?
0
What is the hundreds digit of 592?
5
What is the hundreds digit of 3612?
6
What is the units digit of 35869?
9
What is the thousands digit of 1195?
1
What is the thousands digit of 11343?
1
What is the hundreds digit of 60043?
0
What is the tens digit of 663?
6
What is the thousands digit of 32476?
2
What is the hundreds digit of 2868?
8
What is the thousands digit of 5575?
5
What is the hundreds digit of 755?
7
What is the units digit of 1512?
2
What is the hundreds digit of 10047?
0
What is the hundreds digit of 5719?
7
What is the hundreds digit of 236?
2
What is the units digit of 1132?
2
What is the units digit of 1511?
1
What is the thousands digit of 4509?
4
What is the hundreds digit of 9512?
5
What is the tens digit of 2099?
9
What is the tens digit of 928?
2
What is the hundreds digit of 407?
4
What is the hundreds digit of 553?
5
What is the tens digit of 2827?
2
What is the tens digit of 12196?
9
What is the hundreds digit of 1417?
4
What is the ten thousands digit of 65386?
6
What is the hundreds digit of 13819?
8
What is the units digit of 1584?
4
What is the hundreds digit of 2891?
8
What is the tens digit of 6427?
2
What is the hundreds digit of 8293?
2
What is the hundreds digit of 15791?
7
What is the thousands digit of 4220?
4
What is the units digit of 41908?
8
What is the units digit of 22?
2
What is the units digit of 1022?
2
What is the hundreds digit of 543?
5
What is the ten thousands digit of 119304?
1
What is the tens digit of 12560?
6
What is the hundreds digit of 203?
2
What is the tens digit of 43757?
5
What is the ten thousands digit of 21080?
2
What is the units digit of 1151?
1
What is the tens digit of 2865?
6
What is the thousands digit of 2320?
2
What is the hundreds digit of 8973?
9
What is the hundreds digit of 690?
6
What is the hundreds digit of 5460?
4
What is the hundreds digit of 106353?
3
What is t